are the prime factors of 762?
2, 3, 127
List the prime factors of 126.
2, 3, 7
List the prime factors of 42181.
42181
What are the prime factors of 1034?
2, 11, 47
What are the prime factors of 1080?
2, 3, 5
List the prime factors of 31087.
7, 4441
List the prime factors of 7389.
3, 821
What are the prime factors of 11028?
2, 3, 919
What are the prime factors of 1827?
3, 7, 29
What are the prime factors of 6227?
13, 479
What are the prime factors of 20402?
2, 101
List the prime factors of 1323.
3, 7
What are the prime factors of 14851?
14851
List the prime factors of 26412.
2, 3, 31, 71
What are the prime factors of 7802?
2, 47, 83
What are the prime factors of 5572?
2, 7, 199
List the prime factors of 146988.
2, 3, 1361
List the prime factors of 25530.
2, 3, 5, 23, 37
What are the prime factors of 75201?
3, 7, 3581
List the prime factors of 12464.
2, 19, 41
What are the prime factors of 38135?
5, 29, 263
List the prime factors of 5470.
2, 5, 547
List the prime factors of 730.
2, 5, 73
What are the prime factors of 674?
2, 337
List the prime factors of 69084.
2, 3, 19, 101
What are the prime factors of 9487?
53, 179
What are the prime factors of 12832?
2, 401
List the prime factors of 7309.
7309
List the prime factors of 1037.
17, 61
List the prime factors of 4086.
2, 3, 227
What are the prime factors of 940?
2, 5, 47
What are the prime factors of 42035?
5, 7, 1201
List the prime factors of 154223.
19, 8117
What are the prime factors of 284?
2, 71
What are the prime factors of 2251?
2251
List the prime factors of 3312.
2, 3, 23
List the prime factors of 1123.
1123
What are the prime factors of 15917?
11, 1447
What are the prime factors of 234?
2, 3, 13
What are the prime factors of 19376?
2, 7, 173
What are the prime factors of 52159?
43, 1213
What are the prime factors of 2689?
2689
List the prime factors of 638.
2, 11, 29
What are the prime factors of 185?
5, 37
What are the prime factors of 136?
2, 17
What are the prime factors of 466?
2, 233
List the prime factors of 960.
2, 3, 5
List the prime factors of 140.
2, 5, 7
What are the prime factors of 1602?
2, 3, 89
What are the prime factors of 20187?
3, 2243
List the prime factors of 8561.
7, 1223
What are the prime factors of 804?
2, 3, 67
What are the prime factors of 567?
3, 7
List the prime factors of 18865.
5, 7, 11
What are the prime factors of 7490?
2, 5, 7, 107
What are the prime factors of 3191?
3191
What are the prime factors of 613?
613
What are the prime factors of 43196?
2, 10799
What are the prime factors of 4896?
2, 3, 17
What are the prime factors of 148374?
2, 3, 8243
List the prime factors of 999.
3, 37
List the prime factors of 1180.
2, 5, 59
What are the prime factors of 2079?
3, 7, 11
List the prime factors of 638.
2, 11, 29
What are the prime factors of 106433?
106433
List the prime factors of 87282.
2, 3, 13, 373
What are the prime factors of 50148?
2, 3, 7, 199
What are the prime factors of 76199?
23, 3313
What are the prime factors of 30983?
30983
List the prime factors of 1659.
3, 7, 79
What are the prime factors of 2036?
2, 509
List the prime factors of 59147.
11, 19, 283
What are the prime factors of 13237?
7, 31, 61
What are the prime factors of 37062?
2, 3, 29, 71
List the prime factors of 7206.
2, 3, 1201
What are the prime factors of 248?
2, 31
List the prime factors of 21338.
2, 47, 227
List the prime factors of 2583.
3, 7, 41
List the prime factors of 2772.
2, 3, 7, 11
List the prime factors of 681.
3, 227
What are the prime factors of 7582?
2, 17, 223
What are the prime factors of 2739?
3, 11, 83
What are the prime factors of 220?
2, 5, 11
List the prime factors of 6933.
3, 2311
List the prime factors of 791.
7, 113
What are the prime factors of 130?
2, 5, 13
What are the prime factors of 3647?
7, 521
List the prime factors of 31869.
3, 3541
What are the prime factors of 887?
887
List the prime factors of 13698.
2, 3, 761
List the prime factors of 359.
359
List the prime factors of 19673.
103, 191
List the prime factors of 35545.
5, 7109
List the prime factors of 20019.
3, 6673
List the prime factors of 111.
3, 37
What are the prime factors of 34251?
3, 7, 233
List the prime factors of 3479.
7, 71
List the prime factors of 997.
997
What are the prime factors of 2360?
2, 5, 59
List the prime factors of 518.
2, 7, 37
What are the prime factors of 120108?
2, 3, 10009
List the prime factors of 911.
911
What are the prime factors of 77905?
5, 15581
What are the prime factors of 227?
227
What are the prime factors of 138759?
3, 23, 2011
What are the prime factors of 1436?
2, 359
List the prime factors of 88566.
2, 3, 29, 509
What are the prime factors of 17205?
3, 5, 31, 37
List the prime factors of 13762.
2, 7, 983
List the prime factors of 1821.
3, 607
List the prime factors of 76335.
3, 5, 7, 727
List the prime factors of 216.
2, 3
What are the prime factors of 7904?
2, 13, 19
List the prime factors of 29276.
2, 13, 563
List the prime factors of 44734.
2, 22367
List the prime factors of 19493.
101, 193
What are the prime factors of 3423?
3, 7, 163
What are the prime factors of 1324?
2, 331
What are the prime factors of 1065?
3, 5, 71
List the prime factors of 37253.
37253
List the prime factors of 5318.
2, 2659
What are the prime factors of 9294?
2, 3, 1549
List the prime factors of 24863.
23, 47
List the prime factors of 265.
5, 53
List the prime factors of 8683.
19, 457
List the prime factors of 1769.
29, 61
List the prime factors of 160871.
17, 9463
What are the prime factors of 59486?
2, 7, 607
List the prime factors of 175.
5, 7
List the prime factors of 93785.
5, 18757
What are the prime factors of 44?
2, 11
What are the prime factors of 351?
3, 13
What are the prime factors of 12038?
2, 13, 463
What are the prime factors of 488?
2, 61
What are the prime factors of 4114?
2, 11, 17
What are the prime factors of 6971?
6971
What are the prime factors of 68896?
2, 2153
What are the prime factors of 64638?
2, 3, 7, 19
List the prime factors of 419.
419
What are the prime factors of 110754?
2, 3, 7, 293
List the prime factors of 10634.
2, 13, 409
List the prime factors of 3208.
2, 401
List the prime factors of 2171.
13, 167
List the prime factors of 21138.
2, 3, 13, 271
List the prime factors of 1921.
17, 113
What are the prime factors of 7765?
5, 1553
What are the prime factors of 65569?
7, 17, 19, 29
List the prime factors of 48401.
29, 1669
List the prime factors of 638.
2, 11, 29
List the prime factors of 735.
3, 5, 7
What are the prime factors of 2896?
2, 181
List the prime factors of 39831.
3, 11, 17, 71
What are the prime factors of 11509?
17, 677
List the prime factors of 61305.
3, 5, 61, 67
List the prime factors of 1290.
2, 3, 5, 43
List the prime factors of 52644.
2, 3, 41, 107
What are the prime factors of 3478?
2, 37, 47
List the prime factors of 282.
2, 3, 47
List the prime factors of 194.
2, 97
List the prime factors of 4217.
4217
List the prime factors of 3114.
2, 3, 173
What are the prime factors of 531?
3, 59
List the prime factors of 9063.
3, 19, 53
What are the prime factors of 633?
3, 211
What are the prime factors of 43814?
2, 19, 1153
What are the prime factors of 3509?
11, 29
List the prime factors of 4026.
2, 3, 11, 61
List the prime factors of 4081.
7, 11, 53
What are the prime factors of 2757?
3, 919
List the prime factors of 15055.
5, 3011
What are the prime factors of 144464?
2, 9029
List the prime factors of 1423.
1423
What are the prime factors of 1350?
2, 3, 5
List the prime factors of 5876.
2, 13, 113
List the prime factors of 3556.
2, 7, 127
List the prime factors of 18639.
3, 19, 109
What are the prime factors of 316?
2, 79
What are the prime factors of 72243?
3, 23, 349
What are the prime factors of 1639?
11, 149
What are the prime factors of 32261?
32261
What are the prime factors of 23?
23
List the prime factors of 846.
2, 3, 47
What are the prime factors of 10327?
23, 449
List the prime factors of 23372.
2, 5843
List the prime factors of 770.
2, 5, 7, 11
List the prime factors of 476.
2, 7, 17
List the prime factors of 4829.
11, 439
List the prime factors of 707.
7, 101
What are the prime factors of 121393?
233, 521
What are the prime factors of 33247?
33247
List the prime factors of 1304.
2, 163
What are the prime f